{"id":22,"date":"2013-05-24T19:40:28","date_gmt":"2013-05-25T00:40:28","guid":{"rendered":"http:\/\/laproleestuvieja.com\/?page_id=22"},"modified":"2021-02-06T12:43:01","modified_gmt":"2021-02-06T17:43:01","slug":"no-gracias","status":"publish","type":"page","link":"https:\/\/www.renzogonzalez.com\/laproleestuvieja\/no-gracias\/","title":{"rendered":"No, gracias"},"content":{"rendered":"\n<p><strong>La Prole<\/strong> es alcohol, hueveo, excesos, punk y metal. As\u00ed que&#8230; a menos que vengas con todo eso, no sigas.<\/p>\n\n\n\n<p>Esto parti\u00f3 de utilizar el d\u00eda a d\u00eda y exagerarlo. Dibujar a tus patas del barrio haciendo huevadas y encima exagerar tambi\u00e9n lo que hac\u00edan. <strong>La Prole<\/strong> es tu mancha, tu causa de pendejadas al que le dec\u00edas el Chino, el Perro o el Chato. <strong>La Prole<\/strong> no tiene ni espacio ni tiempo, de hecho has escuchado alguna historia similar en tu propio mancha. Estoy absolutamente seguro de eso.<\/p>\n\n\n\n<p><strong>La Prole<\/strong> es el barrio de <strong>Salguero, <\/strong>su gente, sus tiendas, los antiguos cigarreros Lenin &amp; Jesus (Los Igualitos), gracias a ellos pod\u00edamos disfrutar de fumar brea y cagarnos los pulmones desde los 13 a\u00f1os.<\/p>\n\n\n\n<p><strong>La Prole<\/strong> definitivamente son los a\u00f1os 90, es el t\u00edo Alcachofa al que le pic\u00e1bamos arrancadores y ratablancas en navidad. Era el bar del t\u00edo Beto -el mafioso-&#8230; respect! Tambi\u00e9n era el chibolo buf\u00f3n que sali\u00f3 con su rastrillo de jardinero; Era esa mezcla de ron con kan\u00fa en botella sacada de la basura y mezclado con agua del parque. Era el Shockets y los pasteleros que deambulaban por el barrio queriendo vendernos richi; <strong>La Prole<\/strong> eran el Droqui, Riki el tombo, la gente del tercer parque, Chinchay-Rambo y su sala de ensayo, hasta la antigua poller\u00eda Prince&#8217;s que le hac\u00eda la competencia al Rancho con sus palomas a la brasa. <strong>La Prole<\/strong> eran las madrugadas de ron, skate y graffiti, era Steff y su polo del piano, era la bodega Cholilandia y sus botellas de Cienfuegos a 3 soles; Tambi\u00e9n era toda esa instutuci\u00f3n que llamamos \u00a9Taxi-fuga, \u00a9Taxi-Usura, \u00a9Taxi-Violento, \u00a9Taxi-Inc\u00f3modo a fines de los a\u00f1os 90. <strong>La Prole<\/strong> tambi\u00e9n son los choko\u00f1ekz porque los d\u00edas de pronto pasaban a tener 36 horas, y claro, porque it&#8217;s not a crime, it&#8217;s only a taste!!! Tantos personajes, desmadres y tantas historias a trav\u00e9s de los a\u00f1os que se repite como eco cada vez que hay una mancha sentada en la banca de un parque, de madrugada, bebiendo ron y meti\u00e9ndole unos puchitos.<\/p>\n\n\n\n<p>Y no olvidar que <strong>La Prole<\/strong> tambi\u00e9n existe para cagar a todos esos posers\/re-suckers\/ni\u00f1os-broma que nunca faltan en cualquier lugar, que cambian de ideas y de gustos cuando les conviene\/moda, y que se acercan a la banca del parque a gorrear trago alucin\u00e1ndose los escueleros, pero solo son una miserable cagada-de-pastelero-orate-de-la-puta-via-expresa.<\/p>\n\n\n\n<h2 class=\"wp-block-heading\"><strong>\u00a1La Prole es tu vieja!<\/strong><\/h2>\n\n\n\n<div class=\"wp-block-image\"><figure class=\"aligncenter is-resized\"><img loading=\"lazy\" decoding=\"async\" src=\"http:\/\/farm6.staticflickr.com\/5334\/8820669250_5cbff340da_o.jpg\" alt=\"\" width=\"395\" height=\"590\"\/><\/figure><\/div>\n","protected":false},"excerpt":{"rendered":"<p>La Prole es alcohol, hueveo, excesos, punk y metal. As\u00ed que&#8230; a menos que vengas con todo eso, no sigas. Esto parti\u00f3 de utilizar el d\u00eda a d\u00eda y exagerarlo. Dibujar a tus patas del barrio haciendo huevadas y encima exagerar tambi\u00e9n lo que hac\u00edan. La Prole es tu mancha, tu causa de pendejadas al [&hellip;]<\/p>\n","protected":false},"author":1,"featured_media":0,"parent":0,"menu_order":0,"comment_status":"closed","ping_status":"closed","template":"templates\/template-full-width.php","meta":{"footnotes":""},"_links":{"self":[{"href":"https:\/\/www.renzogonzalez.com\/laproleestuvieja\/wp-json\/wp\/v2\/pages\/22"}],"collection":[{"href":"https:\/\/www.renzogonzalez.com\/laproleestuvieja\/wp-json\/wp\/v2\/pages"}],"about":[{"href":"https:\/\/www.renzogonzalez.com\/laproleestuvieja\/wp-json\/wp\/v2\/types\/page"}],"author":[{"embeddable":true,"href":"https:\/\/www.renzogonzalez.com\/laproleestuvieja\/wp-json\/wp\/v2\/users\/1"}],"replies":[{"embeddable":true,"href":"https:\/\/www.renzogonzalez.com\/laproleestuvieja\/wp-json\/wp\/v2\/comments?post=22"}],"version-history":[{"count":20,"href":"https:\/\/www.renzogonzalez.com\/laproleestuvieja\/wp-json\/wp\/v2\/pages\/22\/revisions"}],"predecessor-version":[{"id":149,"href":"https:\/\/www.renzogonzalez.com\/laproleestuvieja\/wp-json\/wp\/v2\/pages\/22\/revisions\/149"}],"wp:attachment":[{"href":"https:\/\/www.renzogonzalez.com\/laproleestuvieja\/wp-json\/wp\/v2\/media?parent=22"}],"curies":[{"name":"wp","href":"https:\/\/api.w.org\/{rel}","templated":true}]}}